{"id":6215,"date":"2025-10-13T17:22:22","date_gmt":"2025-10-13T15:22:22","guid":{"rendered":"https:\/\/www.allgaier-agrarhandel.de\/produkt\/fortena-lein-70-20kg\/"},"modified":"2025-10-21T17:51:21","modified_gmt":"2025-10-21T15:51:21","slug":"fortena-lein-70-20kg","status":"publish","type":"product","link":"https:\/\/www.allgaier-agrarhandel.de\/en\/produkt\/fortena-lein-70-20kg\/","title":{"rendered":"Fortena Lein 70+ 20kg"},"content":{"rendered":"<p>Gl\u00e4nzendes Fell und gesunde Haut, Optimale Verdauung, Unterst\u00fctzt das Muskelwachstum, Sehr hoher Anteil an Omega-3 und Omega-6 Fetts\u00e4uren, Frei von Blaus\u00e4uren, Dopingfrei und Gentechnikfrei<\/p>\n","protected":false},"excerpt":{"rendered":"<p>Gl\u00e4nzendes Fell und gesunde Haut, Optimale Verdauung, Unterst\u00fctzt das Muskelwachstum, Sehr hoher Anteil an Omega-3 und Omega-6 Fetts\u00e4uren, Frei von Blaus\u00e4uren, Dopingfrei und Gentechnikfrei<\/p>\n","protected":false},"featured_media":6182,"comment_status":"closed","ping_status":"closed","template":"","meta":{"_acf_changed":false},"product_brand":[],"product_cat":[79],"product_tag":[],"class_list":{"0":"post-6215","1":"product","2":"type-product","3":"status-publish","4":"has-post-thumbnail","6":"product_cat-unkategorisiert","8":"first","9":"instock","10":"product-type-simple"},"acf":[],"_links":{"self":[{"href":"https:\/\/www.allgaier-agrarhandel.de\/en\/wp-json\/wp\/v2\/product\/6215","targetHints":{"allow":["GET"]}}],"collection":[{"href":"https:\/\/www.allgaier-agrarhandel.de\/en\/wp-json\/wp\/v2\/product"}],"about":[{"href":"https:\/\/www.allgaier-agrarhandel.de\/en\/wp-json\/wp\/v2\/types\/product"}],"replies":[{"embeddable":true,"href":"https:\/\/www.allgaier-agrarhandel.de\/en\/wp-json\/wp\/v2\/comments?post=6215"}],"wp:featuredmedia":[{"embeddable":true,"href":"https:\/\/www.allgaier-agrarhandel.de\/en\/wp-json\/wp\/v2\/media\/6182"}],"wp:attachment":[{"href":"https:\/\/www.allgaier-agrarhandel.de\/en\/wp-json\/wp\/v2\/media?parent=6215"}],"wp:term":[{"taxonomy":"product_brand","embeddable":true,"href":"https:\/\/www.allgaier-agrarhandel.de\/en\/wp-json\/wp\/v2\/product_brand?post=6215"},{"taxonomy":"product_cat","embeddable":true,"href":"https:\/\/www.allgaier-agrarhandel.de\/en\/wp-json\/wp\/v2\/product_cat?post=6215"},{"taxonomy":"product_tag","embeddable":true,"href":"https:\/\/www.allgaier-agrarhandel.de\/en\/wp-json\/wp\/v2\/product_tag?post=6215"}],"curies":[{"name":"wp","href":"https:\/\/api.w.org\/{rel}","templated":true}]}}

<p>Glänzendes Fell und gesunde Haut, Optimale Verdauung, Unterstützt das Muskelwachstum, Sehr hoher Anteil an Omega-3 und Omega-6 Fettsäuren, Frei von Blausäuren, Dopingfrei und Gentechnikfrei</p>
