{"id":6209,"date":"2025-10-13T17:22:22","date_gmt":"2025-10-13T15:22:22","guid":{"rendered":"https:\/\/www.allgaier-agrarhandel.de\/produkt\/all-win-horse-hay-time-24-7-12kg-heumix-getreidefrei-ohne-zuckerzusatz\/"},"modified":"2025-10-21T17:51:22","modified_gmt":"2025-10-21T15:51:22","slug":"all-win-horse-hay-time-24-7-12kg-heumix-getreidefrei-ohne-zuckerzusatz","status":"publish","type":"product","link":"https:\/\/www.allgaier-agrarhandel.de\/en\/produkt\/all-win-horse-hay-time-24-7-12kg-heumix-getreidefrei-ohne-zuckerzusatz\/","title":{"rendered":"ALL-WIN Horse Hay Time 24\/7 12kg Heumix, getreidefrei, ohne Zuckerzusatz"},"content":{"rendered":"<p>L\u00e4ngerfaserige H\u00e4cksel-Faser-Mischung, Hochwertige Pflanzen wie Gr\u00fcnhafer und Timothee Gr\u00e4ser, Schonend getrocknet, Wertvolle Aminos\u00e4uren aus Seealgenmehl, Staubfrei<\/p>\n","protected":false},"excerpt":{"rendered":"<p>L\u00e4ngerfaserige H\u00e4cksel-Faser-Mischung, Hochwertige Pflanzen wie Gr\u00fcnhafer und Timothee Gr\u00e4ser, Schonend getrocknet, Wertvolle Aminos\u00e4uren aus Seealgenmehl, Staubfrei<\/p>\n","protected":false},"featured_media":6188,"comment_status":"closed","ping_status":"closed","template":"","meta":{"_acf_changed":false},"product_brand":[],"product_cat":[79],"product_tag":[],"class_list":{"0":"post-6209","1":"product","2":"type-product","3":"status-publish","4":"has-post-thumbnail","6":"product_cat-unkategorisiert","8":"first","9":"instock","10":"product-type-simple"},"acf":[],"_links":{"self":[{"href":"https:\/\/www.allgaier-agrarhandel.de\/en\/wp-json\/wp\/v2\/product\/6209","targetHints":{"allow":["GET"]}}],"collection":[{"href":"https:\/\/www.allgaier-agrarhandel.de\/en\/wp-json\/wp\/v2\/product"}],"about":[{"href":"https:\/\/www.allgaier-agrarhandel.de\/en\/wp-json\/wp\/v2\/types\/product"}],"replies":[{"embeddable":true,"href":"https:\/\/www.allgaier-agrarhandel.de\/en\/wp-json\/wp\/v2\/comments?post=6209"}],"wp:featuredmedia":[{"embeddable":true,"href":"https:\/\/www.allgaier-agrarhandel.de\/en\/wp-json\/wp\/v2\/media\/6188"}],"wp:attachment":[{"href":"https:\/\/www.allgaier-agrarhandel.de\/en\/wp-json\/wp\/v2\/media?parent=6209"}],"wp:term":[{"taxonomy":"product_brand","embeddable":true,"href":"https:\/\/www.allgaier-agrarhandel.de\/en\/wp-json\/wp\/v2\/product_brand?post=6209"},{"taxonomy":"product_cat","embeddable":true,"href":"https:\/\/www.allgaier-agrarhandel.de\/en\/wp-json\/wp\/v2\/product_cat?post=6209"},{"taxonomy":"product_tag","embeddable":true,"href":"https:\/\/www.allgaier-agrarhandel.de\/en\/wp-json\/wp\/v2\/product_tag?post=6209"}],"curies":[{"name":"wp","href":"https:\/\/api.w.org\/{rel}","templated":true}]}}

<p>Längerfaserige Häcksel-Faser-Mischung, Hochwertige Pflanzen wie Grünhafer und Timothee Gräser, Schonend getrocknet, Wertvolle Aminosäuren aus Seealgenmehl, Staubfrei</p>
